1?
523
What is the remainder when 169819 is divided by 370?
359
Calculate the remainder when 468307 is divided by 124.
83
Calculate the remainder when 6326 is divided by 1054.
2
What is the remainder when 108283 is divided by 233?
171
Calculate the remainder when 73771 is divided by 227.
223
Calculate the remainder when 753311 is divided by 7.
6
What is the remainder when 382419 is divided by 299?
297
What is the remainder when 4884 is divided by 108?
24
What is the remainder when 78375 is divided by 97?
96
Calculate the remainder when 7743 is divided by 46.
15
Calculate the remainder when 157477 is divided by 17.
6
What is the remainder when 108236 is divided by 264?
260
Calculate the remainder when 18568 is divided by 513.
100
What is the remainder when 94908 is divided by 239?
25
Calculate the remainder when 1862 is divided by 903.
56
What is the remainder when 283451 is divided by 35430?
11
Calculate the remainder when 16212 is divided by 1157.
14
Calculate the remainder when 353404 is divided by 1190.
1164
What is the remainder when 13422 is divided by 1032?
6
Calculate the remainder when 125195 is divided by 20863.
17
Calculate the remainder when 38973 is divided by 116.
113
Calculate the remainder when 4385351 is divided by 15.
11
What is the remainder when 5971 is divided by 242?
163
What is the remainder when 6567 is divided by 18?
15
Calculate the remainder when 9964 is divided by 263.
233
What is the remainder when 44084 is divided by 88?
84
What is the remainder when 258623 is divided by 837?
827
Calculate the remainder when 167073 is divided by 14.
11
Calculate the remainder when 890 is divided by 440.
10
What is the remainder when 164714 is divided by 5147?
10
What is the remainder when 23316 is divided by 25?
16
What is the remainder when 71442 is divided by 23813?
3
Calculate the remainder when 1200673 is divided by 175.
173
What is the remainder when 50221 is divided by 29?
22
Calculate the remainder when 114804 is divided by 12755.
9
Calculate the remainder when 24794 is divided by 1753.
252
Calculate the remainder when 7460 is divided by 394.
368
What is the remainder when 71990 is divided by 100?
90
Calculate the remainder when 147191 is divided by 169.
161
What is the remainder when 506918 is divided by 9052?
6
Calculate the remainder when 6822057 is divided by 1317.
1314
Calculate the remainder when 19280 is divided by 56.
16
What is the remainder when 6306 is divided by 351?
339
What is the remainder when 101575 is divided by 37?
10
What is the remainder when 2237 is divided by 1058?
121
Calculate the remainder when 86329 is divided by 7848.
1
What is the remainder when 19862 is divided by 33?
29
What is the remainder when 303781 is divided by 4534?
3
Calculate the remainder when 56542 is divided by 98.
94
What is the remainder when 548 is divided by 12?
8
Calculate the remainder when 2666 is divided by 2621.
45
Calculate the remainder when 959970 is divided by 313.
312
Calculate the remainder when 87315 is divided by 99.
96
Calculate the remainder when 238664 is divided by 128.
72
Calculate the remainder when 279467 is divided by 16.
11
Calculate the remainder when 88462 is divided by 513.
226
Calculate the remainder when 4733 is divided by 4723.
10
Calculate the remainder when 831 is divided by 34.
15
What is the remainder when 3341 is divided by 151?
19
What is the remainder when 135752 is divided by 1223?
1222
Calculate the remainder when 30649 is divided by 747.
22
What is the remainder when 321742 is divided by 321734?
8
What is the remainder when 539 is divided by 401?
138
What is the remainder when 45310 is divided by 55?
45
Calculate the remainder when 32820 is divided by 386.
10
Calculate the remainder when 521 is divided by 247.
27
What is the remainder when 3634 is divided by 295?
94
Calculate the remainder when 405936 is divided by 47.
44
Calculate the remainder when 6737 is divided by 177.
11
Calculate the remainder when 11762 is divided by 379.
13
What is the remainder when 12618 is divided by 701?
0
What is the remainder when 23084 is divided by 2563?
17
Calculate the remainder when 1442 is divided by 372.
326
Calculate the remainder when 1221 is divided by 562.
97
Calculate the remainder when 17813 is divided by 8906.
1
Calculate the remainder when 83430 is divided by 162.
0
What is the remainder when 859 is divided by 743?
116
What is the remainder when 812 is divided by 21?
14
Calculate the remainder when 64814 is divided by 64796.
18
What is the remainder when 615151 is divided by 205045?
16
What is the remainder when 32052 is divided by 746?
720
Calculate the remainder when 2801 is divided by 258.
221
What is the remainder when 119140 is divided by 1241?
4
What is the remainder when 1398 is divided by 263?
83
Calculate the remainder when 13005 is divided by 5664.
1677
What is the remainder when 863 is divided by 566?
297
What is the remainder when 1471 is divided by 146?
11
Calculate the remainder when 42758 is divided by 174.
128
What is the remainder when 7733 is divided by 1285?
23
Calculate the remainder when 10301 is divided by 5104.
93
Calculate the remainder when 1113821 is divided by 16.
13
What is the remainder when 7762 is divided by 74?
66
Calculate the remainder when 36677 is divided by 378.
11
Calculate the remainder when 23711 is divided by 539.
534
What is the remainder when 195804 is divided by 58?
54
What is the remainder when 5996687 is divided by 14?
11
What is the remainder when 355470 is divided by 82?
0
Calculate the remainder when 4447 is divided by 498.
463
What is the remainder when 3740 is divided by 176?
44
What is the remainder when 12773 is divided by 491?
7
What is the remainder when 128469 is divided by 8?
5
What is the remainder when 98523 is divided by 17?
8
What is the remainder when 18205 is divided by 91?
5
What is the remainder when 675152 is divided by 37508?
8
What is the remainder when 100326 is divided by 5279?
25
What is the remainder when 7921 is divided by 1430?
771
Calculate the remainder when 6519 is divided by 284.
271
What is the remainder when 1107 is divided by 15?
12
Calculate the remainder when 101628 is divided by 29.
12
What is the remainder when 9817 is divided by 53?
12
What is the remainder when 13308 is divided by 2402?
1298
What is the remainder when 8588 is divided by 4?
0
Calculate the remainder when 5713 is divided by 19.
13
Calculate the remainder when 2864 is divided by 35.
29
Calculate the remainder when 82715 is divided by 150.
65
Calculate the remainder when 111167 is divided by 5.
2
What is the remainder when 130426 is divided by 319?
274
What is the remainder when 82702 is divided by 41346?
10
What is the remainder when 735680 is divided by 202?
198
What is the remainder when 4688 is divided by 517?
35
What is the remainder when 2775 is divided by 69?
15
Calculate the remainder when 3103 is divided by 108.
79
Calculate the remainder when 173949 is divided by 1328.
1309
What is the remainder when 14704 is divided by 135?
124
What is the remainder when 271814 is divided by 13590?
14
What is the remainder when 459 is divided by 45?
9
Calculate the remainder when 57497 is divided by 551.
193
What is the remainder when 717 is divided by 478?
239
Calculate the remainder when 4576 is divided by 19.
16
What is the remainder when 136121 is divided by 165?
161
What is the remainder when 670700 is divided by 534?
530
What is the remainder when 4527 is divided by 81?
72
What is the remainder when 767 is divided by 153?
2
Calculate the remainder when 43100 is divided by 26.
18
What is the remainder when 1643 is divided by 205?
3
What is the remainder when 1587 is divided by 26?
1
What is the remainder when 13488 is divided by 2689?
43
Calculate the remainder when 52866 is divided by 69.
12
Calculate the remainder when 47149 is divided by 34.
25
Calculate the remainder when 1837 is divided by 93.
70
What is the remainder when 12274 is divided by 186?
184
Calculate the remainder when 13324298 is divided by 20.
18
Calculate the remainder when 369496 is divided by 24632.
16
What is the remainder when 3413 is divided by 45?
38
What is the remainder when 24439 is divided by 12204?
31
What is the remainder when 276013 is divided by 501?
463
Calcul